(-15) + x/(-10). What is the greatest common divisor of 135 and f?
15
Let g be (-1 - 4/(-8))*-2. Let t be (-3 - -9)*g + -2. Suppose -5*d = -t*c - d + 76, d = 2*c - 41. Calculate the highest common factor of c and 176.
22
Suppose 469 + 135 = 4*g - 3*w, -3*w = -3*g + 450. Suppose 0 = 3*j - 8*j + 70. What is the highest common divisor of j and g?
14
Suppose -4 = 2*j, 0*j = 3*h - j - 56. Suppose -i = -21 - h. What is the greatest common divisor of i and 312?
39
Let c = 12 + -10. Let g(v) = 0*v + v - c*v + 9*v**3. Let l be g(1). Calculate the highest common divisor of l and 24.
8
Let h(t) = -t**3 - 39*t**2 - 46*t - 146. Let w be h(-38). What is the highest common divisor of 2 and w?
2
Let r be (-12)/(-78) + 18936/117. Suppose 21 = j + 3. What is the highest common factor of j and r?
18
Suppose -3570 = -5*q + l, -2*q - 4*l - 842 + 2270 = 0. Let a be (-14)/(-21) - q/(-9). What is the greatest common factor of a and 10?
10
Let r(z) = 57*z - 121. Let v be r(11). Calculate the greatest common divisor of 22 and v.
22
Let l be ((-528)/(-15))/2 - (-6)/15. What is the highest common factor of 72 and l?
18
Suppose 5*n - 3*a = -a + 30, n + 7 = 3*a. Calculate the highest common divisor of n and 100.
4
Let d(i) = i**3 + 6*i**2 + i - 2. Let y be d(-5). Calculate the highest common factor of y and 42.
6
Let f = 427 - 232. What is the greatest common factor of 39 and f?
39
Let a(u) = -32*u - 27. Let v be a(-3). What is the greatest common factor of 115 and v?
23
Suppose -3*d = 4*i - 70 + 11, d + 4*i - 9 = 0. Let z be (-5)/(d/(-63)) - (-4)/10. Calculate the greatest common divisor of 65 and z.
13
Suppose 189 = 3*a + 5*w, 0*w + w = 4*a - 229. Let t be (-8 + 151 - 12) + 14. What is the greatest common divisor of a and t?
29
Let o be -1*(4 + 1 - 2). Let j be (o + 0 - 1) + 49. What is the greatest common factor of 15 and j?
15
Let i be 32/24*90/(-4). Let x = -18 - i. Let u be (x/(-9))/((-1)/3). What is the highest common divisor of u and 16?
4
Let k be 27 + (1 + -2)/((-2)/(-6)). What is the highest common factor of 120 and k?
24
Let j be 3/6 + (-4)/(-16)*18. Suppose -r - 10 + 55 = 0. Calculate the greatest common divisor of r and j.
5
Let c(h) = h**2 - 2*h - 29. Let s be c(10). What is the greatest common factor of s and 34?
17
Let z be (292 - -2)*1*(-4)/(-6). Calculate the highest common factor of 112 and z.
28
Let p(d) = 2*d**2 - 44*d - 29. Let b be p(23). What is the highest common divisor of b and 1?
1
Let l be (-11 + 4 + 5)*(-23)/1. What is the highest common divisor of 4 and l?
2
Suppose 2*d - 652 = -3*v, -v + 4*v - 656 = -4*d. What is the greatest common factor of v and 48?
24
Let g = 14 + -25. Let z(c) = 2*c**2 + 16*c - 4. Let r be z(g). Calculate the greatest common factor of 31 and r.
31
Let g = 46 - 134. Let j = g - -99. Let l(z) = 11*z. Let a be l(4). What is the greatest common divisor of j and a?
11
Let t = -13 + 9. Let x be t + (-4 - -4) - -14. Calculate the greatest common divisor of x and 15.
5
Let g = -28 - -97. Calculate the highest common divisor of 115 and g.
23
Let m(q) = -q**3 - 5*q**2 + 23*q + 115. Let k be m(-6). What is the highest common divisor of 91 and k?
13
Let j = 95 - -48. Calculate the highest common divisor of j and 33.
11
Let l = 14 - 11. Let z = -72 + l. Let a be (-1)/((-2)/(3 - z)). What is the greatest common factor of 9 and a?
9
Let m(b) = b**2 - 12*b - 4. Let s be m(12). Let j be ((-2)/s)/((-7 + 5)/(-4)). Let x be 0 + 0 + (-2)/(-2). Calculate the greatest common factor of x and j.
1
Suppose 3 = n - 0. Let i be 42*n/(-9)*-3. Suppose -h + o + 25 = -0*h, 3*o = -4*h + 72. What is the greatest common divisor of i and h?
21
Let y = 109 + -18. Let g = 103 - y. What is the highest common factor of g and 228?
12
Suppose 11*f - 373 - 177 = 0. What is the highest common factor of f and 90?
10
Let s(k) = -10*k + 3. Let o(a) = 10*a - 2. Let d(l) = 5*o(l) + 4*s(l). Let u be d(3). Calculate the highest common factor of u and 48.
16
Let i(b) = b**3 - 6*b**2 + 9*b - 1. Let c be i(4). Suppose 3*w - p - 67 = 0, 0 = c*w - w - p - 43. Calculate the highest common divisor of w and 8.
8
Let j(z) = z**2 - 2*z. Let u(w) = -3*w**2 + 5*w + 1. Let f(s) = -11*j(s) - 4*u(s). Let p be f(3). Calculate the greatest common factor of 44 and p.
11
Suppose -9 = -4*q - 1. Let h = -8 + 10. Suppose -4*i = -h*i - 10. What is the greatest common factor of i and q?
1
Let x = -655 - -1691. What is the greatest common divisor of 14 and x?
14
Let f(d) = -d**3 + 13*d**2 + 14*d + 13. Let a be f(14). Let c = a - 10. Suppose -2*r + 165 = c*r. Calculate the highest common divisor of 22 and r.
11
Suppose -5*r - 18 = -148. Let k be -117*(6/27 - (-24)/(-27)). Calculate the greatest common factor of r and k.
26
Let o(g) = -g**3 - g**2 - 4*g - 4. Let m be o(-3). Let y = m + 18. Calculate the highest common divisor of y and 4.
4
Suppose -3*q + 6*q + 2*y = 31, 4*q = 2*y + 32. What is the highest common factor of q and 15?
3
Let p be 2 - -2 - (-39 - -1). Let d = p - 37. Suppose -2*x - d*l + 2*l + 13 = 0, -2*x + 5*l = -37. What is the greatest common factor of x and 11?
11
Let c = 1302 + -877. What is the highest common factor of 17 and c?
17
Let a(b) = 14*b**2 + 79*b - 24. Let l be a(-8). What is the highest common divisor of l and 15?
15
Let v(i) = -i**3 + 2*i**2 + 7. Let q be v(3). Let b be ((-26)/4)/(q/44). Calculate the greatest common factor of 13 and b.
13
Let g(i) = -35*i. Let s(h) = -34*h + 1. Let w(u) = 3*g(u) - 2*s(u). Let m = -44 + 42. Let r be w(m). What is the greatest common factor of 8 and r?
8
Suppose 3*a - 84 = o, 5*o - 51 = -3*a + 33. Let k be (71 - 2) + (-3)/(-3). Let d = k + 0. Calculate the greatest common factor of a and d.
14
Let v(c) = c**2 + 13*c + 15. Let i be v(-10). Let l(a) = -a + 45. Let z be l(i). What is the highest common divisor of 12 and z?
12
Let n(i) = i. Let k be n(7). Let q = 17 - k. Calculate the greatest common factor of q and 30.
10
Suppose 254 = 3*f - 316. Calculate the greatest common factor of 90 and f.
10
Let j = 159 + 201. What is the greatest common divisor of 40 and j?
40
Let b = -3 - -6. Suppose -2*q - 100 = -b*q - 4*n, 3*q + 4*n = 260. Calculate the highest common factor of q and 16.
16
Let q = 2153 + -2113. Calculate the highest common divisor of q and 5.
5
Let y(u) = u**2 + 12*u - 137. Let r be y(8). Calculate the greatest common factor of 23 and r.
23
Suppose 5*z + 470 = 5*o, o - 90 = 4*z - 2*z. What is the greatest common divisor of 245 and o?
49
Suppose t - 33 = -3*a, -5*t + 82 = -5*a - 163. Calculate the highest common divisor of 160 and t.
5
Let w = -326 + 662. What is the greatest common factor of w and 42?
42
Let b be (-7 + 40/5)*2*21. What is the greatest common factor of b and 14?
14
Suppose -5*g = -x - 187 - 8, -5*x = -25. What is the greatest common factor of g and 260?
20
Let z(f) = -f + 19. Let t be z(-9). Let q = 47 - 40. What is the greatest common divisor of q and t?
7
Let m(r) = -r**2 - 23*r - 48. Let h be m(-4). Let y be (-42)/(3/1)*-18. What is the highest common divisor of h and y?
28
Let m be 30*(-3)/(-6) - (-4 - -1). Calculate the greatest common factor of m and 12.
6
Let h = 77 - 50. Let q be -1 + 2 - (1/1 - 3). Calculate the greatest common divisor of q and h.
3
Let y be -15*((-2280)/(-50))/(-12). Calculate the highest common factor of y and 12.
3
Let c(m) = 4*m**3 + 2*m**2 - 4*m + 1. Let b be c(4). Suppose b = -10*z + 23*z. Calculate the highest common factor of 21 and z.
21
Let c be 8/(-20) + (-948)/(-20). Suppose c = 5*w + 17. What is the greatest common factor of w and 12?
6
Let l be ((-318)/30 + 11)/((-3)/(-90)). Suppose 2*p - 2 = 3*p. Let x be (-926)/(-7) + p/7. What is the greatest common divisor of x and l?
12
Let s(c) = -2*c - 17. Let n(o) = -o - 16. Let p(v) = -3*n(v) + 2*s(v). Let w be p(8). Suppose 4 = b - w. What is the highest common divisor of b and 1?
1
Suppose 11*b - m + 123 = 13*b, 165 = 3*b - 5*m. Calculate the highest common divisor of b and 384.
12
Let r = -1250 + 1323. What is the greatest common divisor of r and 73?
73
Let p be (-2)/6 - -2*736/24. Calculate the greatest common divisor of p and 244.
61
Let d(b) = b**2 + 13*b - 11. Let a be d(-14). Suppose a*m = 4*m - 52. What is the greatest common divisor of m and 26?
26
Let t = -16 + 63. Suppose 129*i - 156*i + 5076 = 0. Calculate t